384?
True
Does 18 divide 2692979?
False
Does 118 divide 1708050?
True
Does 5 divide 454240?
True
Is 40 a factor of 3149402?
False
Is 73601 a multiple of 2?
False
Is 12342846 a multiple of 85?
False
Does 24 divide 1461912?
True
Is 207 a factor of 30794273?
False
Does 59 divide 4195713?
False
Is 185 a factor of 14430?
True
Is 10 a factor of 2378107?
False
Is 75 a factor of 132447?
False
Is 54675 a multiple of 243?
True
Does 130 divide 46145?
False
Does 53 divide 1737764?
True
Is 101 a factor of 32667?
False
Is 189699 a multiple of 30?
False
Does 54 divide 181262?
False
Is 75456 a multiple of 288?
True
Does 4 divide 10744?
True
Is 1444006 a multiple of 8?
False
Is 59892 a multiple of 42?
True
Is 296 a factor of 13744972?
False
Is 817696 a multiple of 4?
True
Is 233 a factor of 563362?
False
Is 17884785 a multiple of 166?
False
Is 48 a factor of 3878448?
True
Is 7 a factor of 566839?
True
Does 666 divide 249750?
True
Is 87160 a multiple of 10?
True
Is 1288507 a multiple of 394?
False
Does 148 divide 7015432?
False
Is 249 a factor of 31851831?
True
Is 63 a factor of 517167?
True
Is 293 a factor of 355116?
True
Is 11 a factor of 2168453?
False
Is 14 a factor of 146979?
False
Is 3109314 a multiple of 117?
False
Is 10 a factor of 928210?
True
Does 525 divide 16933562?
False
Is 327726 a multiple of 34?
True
Does 22 divide 1035716?
True
Is 303 a factor of 56635?
False
Is 27 a factor of 6492744?
True
Is 102 a factor of 9447852?
True
Is 83 a factor of 68375?
False
Is 46288 a multiple of 22?
True
Is 6 a factor of 29437?
False
Is 5788569 a multiple of 12?
False
Is 86 a factor of 110135?
False
Is 185 a factor of 450475?
True
Does 274 divide 2606014?
True
Is 104 a factor of 1810549?
False
Is 172 a factor of 199692?
True
Is 2143632 a multiple of 408?
True
Is 162 a factor of 84240?
True
Is 733491 a multiple of 239?
True
Does 85 divide 230467?
False
Is 2988241 a multiple of 1152?
False
Does 24 divide 4067424?
True
Does 52 divide 655044?
True
Is 66 a factor of 59420?
False
Is 37656 a multiple of 12?
True
Does 29 divide 807099?
True
Does 7 divide 166731?
False
Is 24 a factor of 178793?
False
Is 21 a factor of 2067366?
True
Does 1266 divide 156984?
True
Does 68 divide 1109460?
False
Does 216 divide 3041724?
False
Is 386 a factor of 337750?
True
Is 137 a factor of 336061?
True
Is 10 a factor of 2850550?
True
Is 394 a factor of 87021?
False
Does 20 divide 5177160?
True
Is 5837664 a multiple of 511?
True
Is 30 a factor of 175371?
False
Is 943033 a multiple of 11?
False
Is 236 a factor of 4680348?
False
Is 325622 a multiple of 41?
True
Is 750024 a multiple of 264?
True
Is 10059 a multiple of 17?
False
Does 208 divide 112966?
False
Is 149952 a multiple of 71?
True
Does 54 divide 733964?
False
Is 204 a factor of 375939?
False
Is 24 a factor of 1101024?
True
Is 267 a factor of 8527446?
True
Does 604 divide 3825736?
True
Does 424 divide 599073?
False
Is 2051400 a multiple of 65?
True
Is 390868 a multiple of 37?
True
Is 1411425 a multiple of 15?
True
Is 445 a factor of 3141283?
False
Is 485642 a multiple of 86?
True
Does 16 divide 27567520?
True
Does 129 divide 187695?
True
Is 16773 a multiple of 11?
False
Does 2 divide 60300?
True
Does 13 divide 2712840?
True
Is 55296 a multiple of 108?
True
Is 1131644 a multiple of 8?
False
Is 18 a factor of 395329?
False
Is 281 a factor of 2131111?
False
Is 2417229 a multiple of 10?
False
Is 26760 a multiple of 60?
True
Is 155 a factor of 1843335?
False
Is 9438 a multiple of 26?
True
Does 7 divide 13968265?
False
Is 381805 a multiple of 591?
False
Is 103 a factor of 8121?
False
Is 68 a factor of 815524?
True
Is 987636 a multiple of 768?
False
Is 81 a factor of 297926?
False
Does 235 divide 1155730?
True
Is 136 a factor of 66096?
True
Is 137634 a multiple of 20?
False
Is 17 a factor of 358326?
True
Does 184 divide 278967?
False
Does 589 divide 1199417?
False
Does 28 divide 342548?
False
Is 13659 a multiple of 9?
False
Is 12 a factor of 1380781?
False
Does 123 divide 49247?
False
Does 13 divide 28621983?
True
Does 694 divide 385864?
True
Does 290 divide 538167?
False
Is 344643 a multiple of 426?
False
Is 224 a factor of 614070?
False
Is 118 a factor of 3594870?
True
Does 178 divide 2399974?
True
Does 87 divide 3282002?
False
Is 536868 a multiple of 61?
False
Does 11 divide 35054?
False
Does 39 divide 51914?
False
Is 132065 a multiple of 61?
True
Is 17181400 a multiple of 52?
False
Is 15032266 a multiple of 20?
False
Is 6831000 a multiple of 360?
True
Does 4 divide 18174?
False
Is 224 a factor of 466592?
True
Does 30 divide 709290?
True
Is 606 a factor of 33936?
True
Is 1056300 a multiple of 86?
False
Does 171 divide 504852?
False
Is 137140 a multiple of 20?
True
Does 45 divide 423000?
True
Is 24 a factor of 18600?
True
Is 59433 a multiple of 56?
False
Is 66137 a multiple of 56?
False
Is 223740 a multiple of 10?
True
Does 276 divide 1004916?
True
Is 85639 a multiple of 89?
False
Is 337 a factor of 1425847?
True
Is 8 a factor of 33216?
True
Is 14700597 a multiple of 163?
False
Is 9 a factor of 26964?
True
Is 53 a factor of 410750?
True
Is 80573 a multiple of 29?
False
Is 1021 a factor of 2011370?
True
Is 22880 a multiple of 110?
True
Is 2434590 a multiple of 45?
True
Is 938133 a multiple of 28?
False
Does 5 divide 34739?
False
Is 725699 a multiple of 13?
True
Does 48 divide 79440?
True
Is 2 a factor of 174042?
True
Does 218 divide 761474?
True
Does 257 divide 2652859?
False
Is 111 a factor of 113772?
False
Is 9552186 a multiple of 42?
True
Is 244897 a multiple of 346?
False
Does 10 divide 2504?
False
Is 5968533 a multiple of 13?
False
Does 11 divide 142202?
False
Is 63 a factor of 884809?
False
Does 12 divide 6396?
True
Is 315 a factor of 30238?
False
Does 28 divide 1010436?
True
Does 26 divide 33800?
True
Is 16172 a multiple of 52?
True
Does 67 divide 445894?
False
Is 4 a factor of 63320?
True
Is 364320 a multiple of 40?
True
Is 29 a factor of 323147?
True
Is 14 a factor of 788455?
False
Is 945996 a multiple of 31?
True
Is 492674 a multiple of 26?
True
Is 330405 a multiple of 8?
False
Is 3955641 a multiple of 27?
False
Is 114356 a multiple of 89?
False
Is 9817471 a multiple of 258?
False
Does 31 divide 11145554?
True
Is 1218282 a multiple of 78?
True
Is 1307320 a multiple of 161?
True
Is 87 a factor of 1027689?
False
Does 17 divide 4383042?
True
Is 9574 even?
True
Is 115 a factor of 1097560?
True
Is 1068516 a multiple of 603?
True
Is 8 a factor of 694436?
False
Does 16 divide 1142080?
True
Is 140773 a multiple of 18?
False
Does 64 divide 565056?
True
Does 14 divide 425470?
False
Is 22197 a multiple of 311?
False
Does 406 divide 1419290?
False
Is 22 a factor of 199386?
True
Does 458 divide 2559620?
False
Is 12 a factor of 2304096?
True
Is 569100 a multiple of 96?
False
Does 2 divide 15886?
True
Is 72587 a multiple of 29?
True
Is 741552 a multiple of 336?
True
Does 30 divide 483690?
True
Is 39 a factor of 215916?
False
Is 1015 a factor of 336948?
False
Does 15 divide 114582?
False
Is 1148794 a multiple of 5?
False
Does 95 divide 216125?
True
Is 118568 a multiple of 120?
False
Does 7 divide 9077341?
True
Is 75016 a multiple of 8?
True
Is 53 a factor of 16787538?
True
Is 511 a factor of 15906408?
True
Does 54 divide 129006?
True
Is 288740 a multiple of 81?
False
Does 144 divide 992905?
False
Does 125 divide 12750?
True
Is 4239872 a multiple of 13?
True
Does 510 divide 1512660?
True
Is 24640 a multiple of 25?
False
Is 188 a factor of 293092?
True
Is 26 a factor of 97793?
False
Is 326290 a multiple of 18?
False
Is 369525 a multiple of 195?
True
Does 44 divide 3650170?
False
Is 36726 a multiple of 72?
False
Is 21339 a multiple of 3?
True
Is 40 a factor of 2435800?
True
Is 40996 a multiple of 4?
True
Does 108 divide 597672?
True
Is 33 a factor of 99817?
False
Is 94640 a multiple of 13?
True
Is 7 a factor of 101844?
False
Is 28 a factor of 182000?
True
Is 111 a factor of 634509?
False
Is 21 a factor of 5153547?
True
Is 5 a factor of 5609?
False
Does 77 divide 103493?
False
Is 1080818 a multiple of 62?
False
Is 377481 a multiple of 3?
True
Is 632043 a multiple of 729?
True
Is 6 a factor of 862364?
False
Is 4967910 a multiple of 289?
True
Does 2 divide 351109?
False
Is 11246120 a multiple of 20?
True
Does 109 divide 334303?
True
Does 2 divide 232